ime number?
False
Suppose -975124 = -16*m - 91908. Is m prime?
True
Let t = -48112 + 30084. Is 3/6*t*(-3)/6 a composite number?
False
Let c = 398348 + 442979. Is c prime?
True
Let u(c) = -2*c**3 + 14*c**2 + 18*c - 2. Let k be u(8). Is ((-1388)/(-10))/(k/35) composite?
False
Let f = -111042 + 294549. Is f prime?
False
Let b(j) = -517*j + 64. Let i be b(-3). Suppose -4*l + 3*a = -3413, -3*l + 4174 = -2*a + i. Is l composite?
True
Suppose -12*j = -17*j - 115. Let u be (-18 - j)*-1*1. Let s(z) = -5*z**3 + 2*z**2 + z + 3. Is s(u) composite?
False
Let f(n) = 11*n + 28. Let p be 9 + -9 + -29 + (-1)/(-1). Let w = -17 - p. Is f(w) prime?
True
Let l(q) = q**3 + 3*q + 2. Let w be l(0). Suppose 1365 = w*f - 4361. Is f - (-4 + -2 + 3 + 3) prime?
False
Let x(s) = 2106*s + 17. Let g be x(6). Let r = g - 8512. Let h = 6636 - r. Is h a prime number?
False
Is (-9312429)/(-63) + (-48)/9 a composite number?
False
Let t(g) = -29*g**3 + 3*g**2 - 22*g + 19. Let x(c) = 86*c**3 - 8*c**2 + 65*c - 57. Let q(p) = 8*t(p) + 3*x(p). Is q(10) composite?
False
Is (-3)/36 - 6*(-20581939)/504 a prime number?
True
Let t(c) be the third derivative of 5/6*c**3 + 0*c + 0 + 17*c**2 + 24/5*c**5 + 0*c**4. Is t(2) prime?
False
Suppose -5*t - 2*w = -10, -2*t + 5*t + 3*w + 3 = 0. Let s be t/(-18) + (-9657)/(-81). Suppose 0 = 6*h - 5*h - s. Is h prime?
False
Let s be 1*1032 + (-7)/((-7)/(-4)). Let k = s + 1145. Is k a prime number?
False
Is 1493428/144 + 26/(-936) a composite number?
True
Let a(j) = -63*j + 16 + 4 + 2. Let u be a(-6). Is u + 20/5 + 3 composite?
True
Let y = 64910 - 17881. Is y composite?
True
Suppose 3*f = -2*r + 148981, -4*f + 198644 = 9*r - 7*r. Is f a prime number?
True
Suppose 0 = -14*s + 394397 + 117765. Is s composite?
False
Let g be 1 - (16 + -2 - -2). Is 10021 + (-3)/5 + (-9)/g composite?
True
Let g = 73941 - 48100. Is g a prime number?
True
Let h(f) = -2*f**3 + f**2 - f. Let p(t) = 5*t**3 - 22*t**2 + 38*t + 6. Let q(n) = 2*h(n) + p(n). Is q(19) composite?
True
Let v(r) = 3 - 5*r + 4*r - 5*r**2 + 5*r + 2*r**3. Suppose 225*i - 367 - 1433 = 0. Is v(i) prime?
True
Is 368/(-230) + (-2 - (-21129)/15) prime?
False
Let o(y) = 122456*y + 1177. Is o(3) a composite number?
True
Suppose 4*z = -5*x + 786052, 3*x = -3*z + 238215 + 351327. Suppose -23*k = -17*k - z. Is k a prime number?
False
Is (68567/6)/(-20 + 1452/72) a composite number?
False
Let n be 3/9 - (-22)/6. Suppose n*y + 3137 = -1351. Let z = y + 1613. Is z composite?
False
Suppose -23*o = -8*o - 3025725. Is o composite?
True
Let t be 6/51 - 2174/(-17). Let o = t - 39. Is o a prime number?
True
Let j(m) = -11362*m**3 - m**2 - 3*m - 2. Let q be j(-1). Suppose 0 = 20*p - q - 3698. Suppose 14*r - 17*r = -p. Is r a composite number?
False
Suppose 22*n + 33000 = 26*n. Suppose -o - 5301 = -2*l, -3*o = -0*o - 2*l + 15923. Let x = n + o. Is x prime?
True
Is (-8)/2*4/(56/(-2025247)) + 5 a composite number?
False
Let h = 2557 + -7084. Let o = h + 8020. Is o composite?
True
Suppose -1 + 20 = 5*i + 4*q, 5*i - 10 = 5*q. Let t be (2/(-5))/(i/15). Is (((-44432)/48)/((-1)/(-6)))/t prime?
True
Let s(d) = 15*d**2 - 25*d + 64. Let m be s(-20). Let k = m + -2369. Is k a composite number?
True
Is 557086/4*((-35)/(-15) - (-21)/(-63)) composite?
False
Let m(j) = 656*j**2 + 4*j - 3. Let l(u) = -2*u**2. Let a(o) = 2*l(o) + m(o). Let n be 1 - 0 - 0/(-1). Is a(n) a composite number?
False
Suppose 10*h - 72 = -42. Suppose -h*t + 19 + 1472 = 0. Let k = t + 1016. Is k a composite number?
True
Is ((-470663)/(-18))/(363/6534) a composite number?
False
Suppose 3*j - 5*m + 6063 = 0, -j - 1751 - 280 = -5*m. Let a = j - -4190. Is a a prime number?
False
Suppose 185*k = -94*k + 12*k + 142877841. Is k prime?
True
Let a = 87588 - 48595. Is a a composite number?
False
Let j(n) = 3*n + 19. Let k be j(-7). Let t be (8/k)/(-2) - -27. Let u = 50 + t. Is u a composite number?
False
Suppose -13*z - 4 + 30 = 0. Suppose -l + 1370 = z*n + 405, n - 2*l = 490. Suppose -d = -2*f - 3*d + n, -4*f + 947 = -3*d. Is f a prime number?
True
Let s = 1405440 + -886231. Is s prime?
False
Suppose 0 = 1156*l - 1164*l + 752272. Is l prime?
False
Let i = -3566 + 7836. Suppose -3*f - 5*d + 711 + i = 0, 0 = f - 3*d - 1651. Is f a composite number?
False
Is (-5 + 12/3)*(2/2 - 37748) a prime number?
True
Let i = 62 - 58. Let k = i - 4. Suppose 10*l + 2803 - 9713 = k. Is l a composite number?
False
Suppose 0 = -2*d - 3*c + 525741 + 180745, d - 353229 = 2*c. Is d prime?
True
Suppose -25*b + 1055808 + 561767 = 0. Is b composite?
True
Let m(o) = 766*o - 26. Let y(c) = 766*c - 26. Let x(s) = 3*m(s) - 4*y(s). Let h be x(-4). Let l = -1333 + h. Is l composite?
True
Let s = 1216606 + 1008445. Is s prime?
True
Let d(c) = -c**3 + 13*c**2 - 4*c + 54. Let q be d(13). Suppose 4*f - 24859 = -q*z + 20939, z - f - 22887 = 0. Is z a prime number?
False
Suppose -4*j + s = 105221, 4*s + 131522 = -5*j + s. Is 2/(-4)*j/10*4 prime?
True
Let z(w) = 39*w**2 - 17*w + 14. Let r(f) = -20*f**2 + 8*f - 7. Let o(p) = -5*r(p) - 2*z(p). Suppose v = -2*b, v + 4*b + 1 = -3. Is o(v) a composite number?
True
Let d(b) = 37*b**3 - 8*b**2 + 9*b - 227. Is d(21) prime?
True
Suppose 1771*t + 6694312 = 1779*t. Is t prime?
True
Let l be -6*((-5)/3)/(-1). Let r be ((-694)/(-4))/(l/(-20)). Suppose 8 = -p + 3, -2*p + r = 3*v. Is v a prime number?
False
Let b = -113 - 35. Let y = 750 + b. Suppose -655 = -4*i + 3*f + 551, -2*i = -2*f - y. Is i composite?
True
Suppose -5*m - 5*j + 1695 = 0, -1715 = -8*m + 3*m + 5*j. Suppose 355*b - 14854 = m*b. Is b prime?
True
Suppose 2*m + 4 + 6912 = 0. Let p = 5151 + m. Is p a prime number?
True
Suppose 4*f + 0*p + 79644 = 3*p, 79612 = -4*f - 5*p. Is (-11)/(77/f) - (-2 - -1) a composite number?
True
Suppose -149059 = -5*v - 4*y, 5*v - y - 149063 = -4*y. Suppose j - 6*j + 5963 = s, v = 5*s - 6*j. Is s a prime number?
False
Let z(y) = 41*y**2 + 2*y - 9. Suppose -t = -3*u + 32, t + 0*t - 38 = -4*u. Is z(u) composite?
False
Let s be ((-136)/(-51))/((-5)/(15/(-2))). Suppose 0 = s*d + 9109 - 39545. Is d a composite number?
True
Suppose 181*f = -182*f + 376*f - 2713633. Is f prime?
False
Let o = -44 + 44. Suppose -5*a + 8*a - 10779 = o. Is a a composite number?
False
Suppose -15 = 4*u + 5*t + 8, -2*u = -5*t - 11. Let o be (-1)/u*(10 - 12). Is ((236/1)/4)/(o/(-3)) a composite number?
True
Suppose 5*f = -4*a + 48, 4*f - 28 = a + a. Is 4 + 160540/12 - f/6 a prime number?
True
Let w(f) = f**3 - 7*f**2 + 9*f - 10. Let n be w(7). Suppose -4*y + 69 = n. Suppose y*c + 235 = 711. Is c composite?
True
Suppose -6*u = -222 - 198. Suppose u*h + 20489 = 77*h. Is h prime?
True
Is -5 - ((-21)/7)/3*28206 a composite number?
False
Suppose 4*x + 139 = 2*a - 99, -3*x + 543 = 5*a. Is a*(-423)/81*1*-3 a composite number?
True
Let l be 52/(-5 - (-13)/3). Is (-9092)/(-24) - 13/l composite?
False
Suppose -31*f - 7811 = 3690. Is (63836/(-14))/(106/f) prime?
True
Let d be (-692)/(-76) + (-6)/57. Suppose 3*f + 10*j - 3654 = d*j, 0 = -f + 3*j + 1208. Is f a composite number?
False
Let o = 20448 + 20899. Is o a composite number?
True
Let m be (536/(-12))/((-8)/(-36)). Let r = m - -282. Suppose -4*n + r + 165 = 2*i, 5*n - 305 = -2*i. Is n a composite number?
False
Let y = -2774 - -1747. Let b = -69 - y. Is b composite?
True
Let t = -486 - -490. Suppose p = u - t*u + 17978, 5*p = -2*u + 12007. Is u composite?
True
Suppose 0 = -9*n + 294 + 5934. Is -8 - (2 - (-5 + n)) a composite number?
False
Suppose 3*v + 5*y + 2 = 0, v + 4*y = -v + 2. Let k(n) = 2 + 0 + 0 + 2 + 4*n**2 + 19*n. Is k(v) a prime number?
True
Suppose -2 = 2*v, 7*o + 2*v = 6*o - 6. Is (137*53)/(o + 13 - 8) composite?
True
Suppose -2*k - 5*i + 131420 = 26872, 209132 = 4*k + 4*i. Is k prime?
True
Let l(h) = -5605*h + 593. Is l(-6) composite?
True
Suppose -2*g = -3*g - l + 1, 0 = 5*g + 2*l - 11. Suppose -g*f - 1260 = -9*f. Suppose 8*r = 3*r + 4*h + 495, -4*h = -2*r + f. Is r composite?
True
Suppose 12*g = 94 - 58. Is g + ((-4)/(-4) + -5 - -7542) a composite number?
False
Let j(h) = 276*h**3 + 7*h**2 - 99*h + 9. Is j(8) a composite number?
False
Suppose 6105 = -6*n - 15033. Let s = n + 5180. Is s prime?
True
Suppose 4*q = 7*q, -q = 3*b - 36. Suppose 11*z - b*z = -211. Let x = z - -412. Is x a prime number?
False
Let m = 3 - -248. Let j = m - -3786. Is j a composite numbe